.
16
Let u(f) = -9*f**2 - 27*f - 18. Calculate u(6).
-504
Let k(q) = 121*q**2 - 335*q + 67. Determine k(2).
-119
Let p(u) = 2988*u + 3272. Give p(-4).
-8680
Let o(u) = 1265*u - 28636. Calculate o(23).
459
Let x(k) = -2*k**2 + 420*k + 36462. What is x(-66)?
30
Let v(m) = 5*m**2 + 565*m + 169. What is v(-113)?
169
Let w(o) = o**3 - 18*o**2 - 344*o - 2047. Calculate w(31).
-218
Let u(z) = 4*z**2 + 291*z + 170. What is u(-74)?
540
Let t(q) = -1409*q - 11033. Calculate t(-8).
239
Let c(j) = 107*j + 2496. Give c(-18).
570
Let g(q) = -17*q**2 - 8424*q - 4385. Give g(-495).
70
Let v(i) = 12*i**2 + 607*i + 2327. Give v(-4).
91
Let y(k) = -k**2 + 288*k + 10568. Determine y(320).
328
Let x(b) = -3311*b - 42758. Give x(-13).
285
Let h(d) = d**3 - 24*d**2 - 355*d - 748. Calculate h(-7).
218
Let d(x) = 8*x**2 + 13497*x + 26997. Calculate d(-2).
35
Let y(x) = -x**3 + 9*x**2 - 29656*x + 266927. Give y(9).
23
Let s(z) = -78729*z - 1653543. Calculate s(-21).
-234
Let z(y) = -62*y**2 + 4026*y + 142. Give z(65).
-118
Let j(y) = 3*y**2 + 22668*y + 699819. Determine j(-31).
-6
Let l(t) = 130839*t + 2093446. What is l(-16)?
22
Let d(a) = 3*a**3 - 1210*a**2 - 818*a + 4022. Give d(404).
-18
Let a(m) = -1471*m + 155997. Calculate a(106).
71
Let z(o) = -10*o**2 + 893*o - 3488. What is z(87)?
-1487
Let o(z) = -3*z**3 - 36*z**2 - 1464*z - 15736. Calculate o(-11).
5
Let n(z) = -6500*z - 260702. Give n(-40).
-702
Let f(m) = 114737*m + 5966318. What is f(-52)?
-6
Let x(l) = -872*l**2 + 131*l + 162. Calculate x(-2).
-3588
Let u(f) = f**3 + 80*f**2 - 216*f + 2852. What is u(-83)?
113
Let m(q) = 9417*q**2 + 282430*q - 2398. Calculate m(-30).
2
Let f(y) = 208150*y + 832594. Determine f(-4).
-6
Let g(n) = 4*n**3 + 675*n**2 + 206*n + 63392. What is g(-169)?
17
Let s(t) = t**3 - 58*t**2 + 745*t + 67. Determine s(39).
223
Let r(w) = -29845*w + 89534. What is r(3)?
-1
Let j(p) = 6*p**3 + 38*p**2 - 427*p - 2818. Determine j(-7).
-25
Let q(p) = p**3 + 151*p**2 + 248*p - 7510. What is q(-149)?
-60
Let k(r) = 71*r + 2550. Determine k(-36).
-6
Let n(h) = 4561*h - 18144. Calculate n(4).
100
Let g(m) = -4848*m + 4130466. Give g(852).
-30
Let d(b) = -11072*b + 476025. Calculate d(43).
-71
Let p(u) = 3*u**2 - 217*u - 3209. Calculate p(84).
-269
Let p(q) = -q**3 - 12*q**2 + 184*q - 1008. Give p(6).
-552
Let r(h) = -12*h**3 + 103*h**2 - 80*h + 250. Calculate r(7).
621
Let n(p) = -2*p**3 - 78*p**2 + 833*p + 34546. Give n(-38).
4
Let h(g) = -3*g**2 + 11791*g - 11806. What is h(1)?
-18
Let y(l) = 746*l**3 - 26*l**2 - 21*l + 3. Give y(-1).
-748
Let x(w) = -w**3 - 89*w**2 - 11*w - 1522. Calculate x(-89).
-543
Let q(j) = 63848*j + 702286. What is q(-11)?
-42
Let l(d) = d**2 - 2344*d + 65002. Give l(28).
154
Let r(u) = -71*u**2 + 29226*u - 29228. Calculate r(1).
-73
Let b(r) = 4775*r - 1021954. Calculate b(214).
-104
Let h(i) = i**2 - 1702*i + 82518. What is h(50)?
-82
Let p(d) = 2*d**3 + 464*d**2 + 7729*d + 5351. Determine p(-214).
1
Let h(v) = v**2 + 3922*v - 90760. Determine h(23).
-25
Let w(f) = 10*f**2 - 18*f - 393. Determine w(-5).
-53
Let k(g) = -9723*g + 554188. Determine k(57).
-23
Let m(p) = 2646*p**2 - 15*p - 3. Calculate m(-1).
2658
Let a(n) = 25*n**3 - 15*n**2 - 58*n - 59. Determine a(-3).
-695
Let r(n) = 886*n + 28447. Calculate r(-32).
95
Let b(i) = 21985*i + 4111196. What is b(-187)?
1
Let r(b) = b**3 + 37*b**2 + 341*b - 2. Give r(-20).
-22
Let t(v) = -1392*v**3 + 11159*v**2 - 185*v + 12. Give t(8).
4
Let s(j) = -j**3 + 154*j**2 - 892*j + 132. Determine s(148).
-460
Let y(n) = -27*n**2 - 61*n - 247. What is y(-5)?
-617
Let q(h) = 94*h - 1702. What is q(26)?
742
Let b(h) = h**3 - 13*h**2 - 137*h + 1760. Calculate b(11).
11
Let k(r) = -2*r**3 + 451*r**2 + 253*r - 5696. Give k(226).
406
Let b(n) = -142*n + 34522. What is b(243)?
16
Let g(u) = 153474*u + 1534790. Determine g(-10).
50
Let b(s) = -211667*s - 2540004. Determine b(-12).
0
Let f(h) = 3*h**3 + 114*h**2 - 374*h + 63. Give f(3).
48
Let d(w) = -5336*w + 31900. What is d(6)?
-116
Let a(b) = 20272*b**2 - 182445*b - 38. Calculate a(9).
-11
Let w(u) = 10*u**2 - 63*u - 247. Calculate w(9).
-4
Let l(j) = -12160*j - 12178. What is l(-1)?
-18
Let p(u) = -u**2 - 11*u + 35203. What is p(180)?
823
Let c(g) = -g**2 + 59*g + 546. Give c(-10).
-144
Let d(c) = c**3 + 38*c**2 + 1064*c + 48681. What is d(-41)?
14
Let x(n) = 2*n**3 + 56*n**2 + 279*n + 31. Give x(-23).
-1096
Let h(k) = -k**3 + 5*k**2 - 44*k + 341. Give h(5).
121
Let k(l) = -l**2 + 579*l + 123672. Give k(745).
2
Let i(q) = 1066*q - 155458. Calculate i(146).
178
Let u(d) = -3005*d - 51076. What is u(-17)?
9
Let i(w) = w**3 - 6*w**2 - 21*w - 87. Give i(-4).
-163
Let p(f) = 3*f**2 - 726*f - 37492. What is p(286)?
260
Let x(m) = -m**2 + 4282*m + 125029. Calculate x(-29).
10
Let h(p) = -3349*p + 76943. Determine h(23).
-84
Let s(z) = 95*z + 3768. Calculate s(-54).
-1362
Let u(i) = -i**3 - 28*i**2 + 309*i + 9413. Calculate u(-26).
27
Let d(h) = -3*h**2 - 291*h + 3205. Determine d(10).
-5
Let l(t) = -415*t**2 + 640764*t - 6172. Give l(1544).
4
Let b(n) = n**3 + 388*n**2 + 18854*n - 3867. What is b(-331)?
436
Let r(o) = -80*o - 391. Determine r(4).
-711
Let o(m) = -3*m**2 + 16510*m + 198500. Give o(-12).
-52
Let w(f) = -231560*f - 2547154. Give w(-11).
6
Let l(j) = 11948*j - 3154218. What is l(264)?
54
Let g(s) = 54242*s + 379727. Calculate g(-7).
33
Let g(d) = 724*d + 9161. Calculate g(-13).
-251
Let a(j) = -j**3 + 6*j**2 - 41*j + 85. Determine a(6).
-161
Let j(l) = 8*l**3 + 19*l**2 + 380*l - 394. Determine j(1).
13
Let b(u) = 38*u + 2577. Calculate b(-20).
1817
Let s(d) = 2*d**2 - 2024*d + 398785. Calculate s(744).
1
Let f(j) = -13*j**2 + 722*j - 60. Give f(55).
325
Let q(j) = 444225*j + 9772955. Give q(-22).
5
Let i(n) = -5*n**2 - 1109*n + 11004. Give i(-231).
378
Let w(l) = 2*l**3 - 55*l**2 - 85*l + 189. Determine w(29).
247
Let i(u) = -3*u**3 + 3*u**2 - 205*u - 32. What is i(0)?
-32
Let m(c) = -2592*c**2 - 1762559*c + 610. Give m(-680).
-70
Let r(g) = -g**3 - 38*g**2 - 32*g - 482. Calculate r(-36).
-1922
Let h(k) = -10989*k + 65891. What is h(6)?
-43
Let m(f) = -25*f**2 - 27*f - 140. Give m(-5).
-630
Let v(o) = 2*o**3 + 340*o**2 - 1721*o - 1123. What is v(-175)?
-6198
Let d(h) = 408*h - 3100. Determine d(6).
-652
Let i(y) = -69*y**2 + 17948*y - 2083. Determine i(260).
-3
Let m(u) = u**2 - 3933*u + 43137. Determine m(11).
-5
Let r(p) = 12636*p - 480160. Determine r(38).
8
Let l(u) = 14*u**2 + 5184*u + 10326. What is l(-2)?
14
Let w(o) = 5528*o - 74647. Calculate w(13).
-2783
Let w(g) = 82*g**2 - 790*g - 2338. Give w(12).
-10
Let c(l) = -52*l**2 - 17822*l + 77031. What is c(-347)?
-3
Let x(p) = 107*p + 316. Give x(-2).
102
Let o(h) = -4985*h - 34720. What is o(-7)?
175
Let h(u) = -11009*u - 44028. What is h(-4)?
8
Let t(i) = i**3 - 123*i**2 + 385*i - 17313. What is t(121)?
-10
Let m(y) = -33*y**2 - 179*y + 186. What is m(-7)?
-178
Let i(r) = r**3 - 118*r**2 - 2*r + 227. What is i(118)?
-9
Let x(d) = 2*d**3 - 545*d + 2888. Determine x(6).
50
Let y(a) = -3*a**3 + 74*a**2 - 130*a + 1984. What is y(24)?
16
Let u(v) = v**3 + 5*v**2 - 427*v - 3778. Give u(-10).
-8
Let m(u) = -u**2 + 157*u + 621. Determine m(-4).
-23
Let a(i) = -2*i**3 - 311*i**2 + 185*i + 4134. What is a(-156)?
-390
Let b(x) = 74*x**2 + 1496*x + 5. Calculate b(-20).
-315
Let w(n) = 313374*n + 3133689. Determine w(-10).
-51
Let u(m) = 12*m**2 - 634*m - 4391. What is u(59)?
-25
Let p(y) = y**3 + 10*y**2 - 153*y + 380. Determine p(4).
-8
Let f(u) = -297*u - 31825. Give f(-107).
-46
Let v(r) = 1120*r - 488391. What is v(436)?
-71
Let s(r) = 4*r**3 + 5577*r**2 - 4149*r + 50220. Calculate s(-1395).
0
Let f(o) = -39*o**2 + 18*o + 262. Calculate f(-3).
-143
Let y(x) = -1171*x - 6909. Calculate y(-6).
117
Let q(p) = 2*p**3 - 221*p**2 + 107*p - 24202. Calculate q(111).
-4
Let d(j) = 4273*j + 25613. Give d(-6).
-25
Let l(d) = -16315*d - 65278. What is l(-4)?
-18
Let x(v) = v**3 - 24*v**2 - 456*v + 875. Calculate x(36).
11
Let q(f) = 215*f**2 - 1310*f + 1995. Calculate q(3).
0
Let f(k) = -303*k + 418. Determine f(2).
-188
Let v(w) = -1388*w - 278948. What is v(-201)?
40
Let l(k) = k**3 - 312*k**2 - 2225*k - 2400. Calculate l(319).
152
Let x(v) = 2*v**2 + 937*v - 13964. What is x(-483)?
43
Let l(r) = r**3 - 12*r**2 + 30*r - 1512. Calcul